ose 2*t - g*t + 708 = 0. Is t a composite number?
True
Let a(x) = x**3 - 3*x**2 - 2*x**3 + 5 + 8*x - 10*x. Is a(-5) composite?
True
Suppose 5*q - 3497 = -0*q - 4*l, 0 = -q - 4*l + 693. Is q composite?
False
Suppose d - 608 = -3*d. Let i = d + -30. Is i prime?
False
Suppose -2 = -3*z - 14. Let m(c) = -9*c**2 + 3*c + 10. Let u(n) = 14*n**2 - 5*n - 15. Let j(b) = -8*m(b) - 5*u(b). Is j(z) prime?
True
Let o(z) = z - 1. Let v be (-22)/(-8) - 2/(-8). Let f be o(v). Suppose -5*c + 20 = 0, -f*c - 75 = -5*b + 3*c. Is b a prime number?
True
Let u(q) = -303*q + 2. Is u(-5) a composite number?
True
Let u(n) be the first derivative of n**4 + n**3/3 + 4*n - 2. Is u(3) a composite number?
True
Suppose -i - 37 = 5*j, 5*i - 3*j = -j - 50. Let o(t) = -t**3 - 10*t**2 + 16*t - 13. Is o(i) prime?
True
Suppose -4*z + 1204 = j, 0 = -z - 0*z + 4*j + 301. Suppose -3*w + 368 = -z. Is w a prime number?
True
Is (-886)/6*66/(-11) composite?
True
Suppose 23*g = 12*g + 7403. Is g a composite number?
False
Suppose 3*x - 3*n + 8*n = 1603, -5*n - 1102 = -2*x. Is x prime?
True
Is 18/4*46 + 2 a composite number?
True
Let i(b) be the third derivative of b**6/120 + 7*b**5/30 + 13*b**4/24 + 3*b**3/2 + 4*b**2. Is i(-12) a composite number?
True
Suppose 0 = -4*y + 3*t, 16 = 4*t - 0*t. Suppose -4*i - 2 = j - 5, 0 = -3*i - j + y. Suppose i*m - 5*m + 555 = 0. Is m a composite number?
True
Let c(x) = -65*x**2 + x - 2. Let p be c(-2). Let o = p - -473. Is o a composite number?
True
Let t(h) = 4*h**3 + h**2 + 6*h + 8. Let m be t(6). Let y = m + -645. Is y a composite number?
True
Suppose -4193 + 1405 = 4*n. Let b = 992 + n. Is b a prime number?
False
Let b(g) = -4*g**2 + 3*g + 9 + 7*g**2 + 5*g**2. Is b(4) a composite number?
False
Suppose 3*p + 5*b + 442 = 4*b, 5*p + 722 = 2*b. Let x = p - -279. Is x a prime number?
False
Let d(k) = k - 3. Let q be d(-6). Let p(m) = 2*m**2 + m + 4. Is p(q) a prime number?
True
Let b(r) = 29*r**2 + 4*r - 1. Let o be b(-3). Suppose -3*f - f - 4*h = -o, -3*f = 5*h - 180. Is f a composite number?
True
Suppose 0 = o + o - 184. Suppose -m + 539 = -o. Is m a composite number?
False
Suppose z + 2*o - 726 = 17, z + 4*o = 735. Is z prime?
True
Let x(v) = -v + 16. Let g be x(11). Suppose 4*q - 1095 = -g*k, -3*q - 1110 = -5*k - 4*q. Is k composite?
False
Let r be (-2 - -6 - -2) + -2. Suppose -r*q + 5*v + 714 = 0, -q + 533 = 2*q - 5*v. Is q composite?
False
Let n(i) be the second derivative of 25*i**3/6 + i**2 - i. Is n(3) prime?
False
Let r(p) be the first derivative of -p**4/4 - 7*p**3/3 + 6*p**2 + 5*p - 1. Let z be r(-10). Suppose 0 = 5*m - 10*m + z. Is m a prime number?
True
Let n be 0 - 0 - (-4 + 7). Is 1 + (-3 - n) - -96 a composite number?
False
Suppose -2*l - 909 = -5*l. Is l prime?
False
Let m = -2183 + 3826. Is m composite?
True
Let w(u) = -u**3 + 5*u**2 + 3*u + 1. Suppose 5*v = -3*q - 12 - 25, 4*q + 26 = -2*v. Let x be w(v). Suppose -t - x = -5*t. Is t a prime number?
True
Suppose -1 - 13 = -2*u. Let y(a) = a**3 + a**2 - a - 1. Let p(x) = 2*x**3 - 5*x**2 - 8*x - 11. Let d(w) = -p(w) + y(w). Is d(u) a composite number?
True
Let y(z) = -z**3 + 7*z**2 - 5*z - 2. Let k be y(6). Let n(s) = 8*s + 1. Let r be n(4). Suppose 0 = -a + k*a - r. Is a composite?
False
Let h(m) = m**3 - 7*m**2 - 9*m + 10. Let q be h(8). Is (1 + 2)*7 - q prime?
True
Let z = -2 + 2. Let l(t) = -t + 76. Let q be l(z). Let a = q + -54. Is a a composite number?
True
Suppose -h = -0*h - 58. Is h composite?
True
Let r = -3276 + 4659. Is r prime?
False
Let c = 922 - -1371. Is c a composite number?
False
Let s be 0 - (-3)/(9/12). Suppose -3*f - 3*k = -105, 5*f + s*k - 85 = 85. Let c = f + 23. Is c prime?
True
Suppose -4*d + 843 = -5*z, 0 = -d - 3*d + 3*z + 837. Let a = -100 + d. Suppose 0 = -5*f + a + 288. Is f a prime number?
True
Suppose 2*c + 344 = 2*p - p, -p = 5*c - 358. Suppose -l + p = 3*l. Is l a composite number?
True
Suppose 0*b + 5*b = 10. Suppose 3*w - 884 = -4*j, 3*j = -j + b*w + 884. Is j prime?
False
Is -1 + 158 + (0 - -1) prime?
False
Let o(t) = 7*t**2 + 3*t. Let m be o(-3). Suppose 0 = 5*h - m - 236. Is h a prime number?
False
Let k be (-1360)/15 - 4/(-6). Let u = k - -247. Is u composite?
False
Suppose 5*i = 2*b + 134, 4*i - 211 = 3*b - i. Let j be (-66)/((-2)/(-1 + -3)). Let g = b - j. Is g a prime number?
False
Let x(u) = 5*u**3 + 9*u**2 + 5*u + 7. Let v(w) = -3*w**3 - 4*w**2 - 2*w - 4. Let q(f) = 7*v(f) + 4*x(f). Is q(7) a prime number?
False
Let o = -6 - 82. Let m = o - -147. Is m a prime number?
True
Let s(r) = -2*r**2 + 10 - 8*r**2 + 5*r + r**2. Let p be s(-7). Is p/(-6) - 8/12 a composite number?
True
Let y = 27 + -14. Is y prime?
True
Let g be 51/(-12) - 4/(-16). Is 78/g*(-6)/9 a composite number?
False
Let w(f) = 4*f**2 - 7*f. Let o be w(-5). Suppose -4*a + d + 137 = 0, -o = -4*a + 4*d + 5. Is a a prime number?
False
Let p = 1356 + -299. Is p a prime number?
False
Suppose o - 5 = 0, w - o + 5 = -0*o. Suppose w = 2*b + 2*p - 359 + 109, -3*p + 121 = b. Is b composite?
False
Let f = 1 - -4. Suppose -3*l = -f*j + 2023, -5*l + 1648 = -j + 5*j. Is j composite?
True
Suppose -164 = 4*q + 60. Let t = q - -88. Let w = t - -3. Is w prime?
False
Suppose 3938 - 15523 = -5*l. Is l prime?
False
Let n(u) = -94*u**3 + 1. Let x be 2/3 - (-20)/(-12). Let w be n(x). Is (-1 + 0)/((-1)/w) prime?
False
Let b(u) = 13*u - 23. Is b(25) composite?
True
Let z be 0 - (-4*1 + 3). Is (-2)/(3 - z) - -14 a prime number?
True
Let m = 11 + -4. Let x = m + -3. Is x a prime number?
False
Let t be 8/(-3)*27/6. Is ((-35)/15)/(2/t) prime?
False
Let f be -2 + 52/4 + 0. Suppose 9*b + 38 = f*b. Is b prime?
True
Let o = -17 - -45. Suppose -42 = -2*m + o. Is m composite?
True
Let t be 5/15*(0 - 3). Is 3/9*(t + 388) a composite number?
True
Let q = 4413 + -3070. Is q a prime number?
False
Let u(p) = p**2 - 5*p - 2. Let i be u(6). Suppose -v = i*v. Suppose -d - 6*z = -2*z - 95, v = -d + 2*z + 77. Is d a composite number?
False
Let h(i) = -2*i**3 + i**2 - i - 27. Is h(-11) prime?
True
Let b be ((-38)/4)/((-1)/26). Suppose -4*d - b = -1011. Is d composite?
False
Is (5 - 6) + (205 - 1) prime?
False
Let n be (-1)/(-1*(-2)/(-58)). Let z = -12 + -2. Let d = n + z. Is d a composite number?
True
Let n = -614 + 913. Is n a prime number?
False
Suppose s = -s + 78. Let l = -2 + s. Is l a prime number?
True
Suppose 3*c + z = c - 22, 3*c + 28 = -4*z. Suppose 0 = -2*a - x + 3559, 0 = -4*a - 3*x - 1187 + 8300. Is c/42 - a/(-14) a prime number?
True
Suppose -3*d + 4*d - 127 = 0. Is d composite?
False
Suppose 3*a - 9 = 5*t, t + 3*a = -3*t + 9. Suppose j - 6*j + 270 = t. Let o = j - -23. Is o prime?
False
Let s be 3/(-2) - (-6)/4. Suppose s = -4*k + 2*k - 20. Is -1 - k/((-6)/(-3)) a prime number?
False
Let m be (0 - 2)/((-2)/4). Suppose 23 + 101 = m*n. Is n a prime number?
True
Suppose 2*k + 4*y + 2 = 0, 4*k - 2*y = 7 - 21. Let w(b) = -112*b - 13. Let r(n) = 28*n + 3. Let u(l) = -9*r(l) - 2*w(l). Is u(k) a prime number?
True
Let x = 3586 - 1809. Is x composite?
False
Suppose r - 86 = -7. Let v = -53 + r. Let l = 23 + v. Is l a prime number?
False
Let q(l) = -18*l**3 - 2*l**2 + l + 4. Is q(-3) composite?
True
Suppose 4*f = 8664 - 2276. Is f prime?
True
Suppose -u + 964 = 5*y, 2*y - 3910 = -4*u - 0*y. Is u composite?
True
Let z = -3 - 9. Let t = z + 22. Is t a prime number?
False
Let f = 27 - 24. Suppose 2*q = -0*a - 5*a + 363, 5*a - f*q - 343 = 0. Is a a composite number?
False
Let a = 2807 + -1929. Is a composite?
True
Let j(d) = d**3 - 3*d + 17. Is j(11) a prime number?
False
Suppose -2*n + 1 = -5. Let w(o) = 1 - o**3 + o**3 - o + o**n + 3*o**2. Is w(2) composite?
False
Let r(h) = 3*h**2 - 4*h + 3. Let a be r(10). Suppose -u = -3*v - a, -u = 3*u + 3*v - 1022. Is u prime?
True
Suppose 4*q = 537 + 727. Let y = q - 171. Is y a composite number?
True
Is (-4722)/(-2)*(2 - 20/12) composite?
False
Let s(l) = -l**3 - 17*l**2 - 9*l - 8. Is s(-18) a composite number?
True
Let y = -3 + 36. Is y composite?
True
Let n(s) = 2*s**3 + 5*s**2 - 3*s - 1. Is n(3) prime?
True
Let f(p) = -11*p**3 - 2*p**2 - 2*p - 1. Let d be f(-1). Let k = -7 + d. Suppose 3*g = 5*t + 6, -4*t + 18 = k*g - 5*t. Is g a composite number?
False
Suppose 6*i - 11 = -w + 3*i, w + i - 3 = 0. Let p be w*((1 - 2) + -34). Suppose -4*j + p = -1. Is j a composite number?
True
Is 